{"id":13211,"date":"2020-04-11T17:04:15","date_gmt":"2020-04-11T15:04:15","guid":{"rendered":"https:\/\/mychoccy.com\/product\/korte-karamell-bonbon\/"},"modified":"2026-01-08T07:36:17","modified_gmt":"2026-01-08T06:36:17","slug":"korte-karamell-bonbon","status":"publish","type":"product","link":"https:\/\/mychoccy.com\/en\/product\/korte-karamell-bonbon\/","title":{"rendered":"K\u00f6rte &#8211; karamell bonbon"},"content":{"rendered":"<p>Ki ne szeretn\u00e9 a szaftos, \u00e9des vilmosk\u00f6rt\u00e9t? \u00c9s a l\u00e1gy karamellt? Mi most ezt a k\u00e9t alkot\u00f3elemet kevert\u00fck bele a bonbon t\u00f6ltel\u00e9k\u00e9be.<\/p>\n<p>Azonban \u00f3vatosan, van benne egy leheletnyi alkohol is.<\/p>\n<p>Nett\u00f3 t\u00f6meg: 11 g<\/p>\n<p>\u00d6sszetev\u0151k: \u00e9tcsokol\u00e1d\u00e9, feh\u00e9r csokol\u00e1d\u00e9, tejsz\u00edn, k\u00f6rte p\u00fcr\u00e9, karamell<\/p>\n<p>Allerg\u00e9nek: sz\u00f3jalecitin, tejpor, tejsz\u00edn<\/p>\n","protected":false},"excerpt":{"rendered":"<p>Ki ne szeretn\u00e9 a szaftos, \u00e9des vilmosk\u00f6rt\u00e9t? \u00c9s a l\u00e1gy karamellt? Mi most ezt a k\u00e9t alkot\u00f3elemet kevert\u00fck bele a bonbon t\u00f6ltel\u00e9k\u00e9be. Azonban \u00f3vatosan, van benne egy leheletnyi alkohol is. Nett\u00f3 t\u00f6meg: 11 g \u00d6sszetev\u0151k: \u00e9tcsokol\u00e1d\u00e9, feh\u00e9r csokol\u00e1d\u00e9, tejsz\u00edn, k\u00f6rte [&hellip;]<\/p>\n","protected":false},"featured_media":16894,"template":"","meta":{"inline_featured_image":false},"product_brand":[],"product_cat":[306],"product_tag":[314,184,313,319],"class_list":{"0":"post-13211","1":"product","2":"type-product","3":"status-publish","4":"has-post-thumbnail","6":"product_cat-bonbonok","7":"product_tag-alkohol","8":"product_tag-etcsokolade","9":"product_tag-gyumolcs","10":"product_tag-karamell","12":"first","13":"instock","14":"taxable","15":"shipping-taxable","16":"purchasable","17":"product-type-simple"},"yoast_head":"<!-- This site is optimized with the Yoast SEO plugin v27.5 - https:\/\/yoast.com\/product\/yoast-seo-wordpress\/ -->\n<title>K\u00f6rte - karamell bonbon - MyChoccy<\/title>\n<meta name=\"description\" content=\"Ki ne szeretn\u00e9 a szaftos, \u00e9des vilmosk\u00f6rt\u00e9t? \u00c9s a l\u00e1gy karamellt? Mi most ezt a k\u00e9t alkot\u00f3elemet kevert\u00fck bele a bonbon t\u00f6ltel\u00e9k\u00e9be. Azonban \u00f3vatosan, van\" \/>\n<meta name=\"robots\" content=\"index, follow, max-snippet:-1, max-image-preview:large, max-video-preview:-1\" \/>\n<link rel=\"canonical\" href=\"https:\/\/mychoccy.com\/en\/product\/korte-karamell-bonbon\/\" \/>\n<meta property=\"og:locale\" content=\"en_US\" \/>\n<meta property=\"og:type\" content=\"article\" \/>\n<meta property=\"og:title\" content=\"K\u00f6rte - karamell bonbon - MyChoccy\" \/>\n<meta property=\"og:description\" content=\"Ki ne szeretn\u00e9 a szaftos, \u00e9des vilmosk\u00f6rt\u00e9t? \u00c9s a l\u00e1gy karamellt? Mi most ezt a k\u00e9t alkot\u00f3elemet kevert\u00fck bele a bonbon t\u00f6ltel\u00e9k\u00e9be. Azonban \u00f3vatosan, van\" \/>\n<meta property=\"og:url\" content=\"https:\/\/mychoccy.com\/en\/product\/korte-karamell-bonbon\/\" \/>\n<meta property=\"og:site_name\" content=\"MyChoccy\" \/>\n<meta property=\"article:modified_time\" content=\"2026-01-08T06:36:17+00:00\" \/>\n<meta property=\"og:image\" content=\"https:\/\/mychoccy.com\/wp-content\/uploads\/2023\/09\/korte-karamell.jpg\" \/>\n\t<meta property=\"og:image:width\" content=\"1200\" \/>\n\t<meta property=\"og:image:height\" content=\"800\" \/>\n\t<meta property=\"og:image:type\" content=\"image\/jpeg\" \/>\n<meta name=\"twitter:card\" content=\"summary_large_image\" \/>\n<meta name=\"twitter:label1\" content=\"Est. reading time\" \/>\n\t<meta name=\"twitter:data1\" content=\"1 minute\" \/>\n<script type=\"application\/ld+json\" class=\"yoast-schema-graph\">{\"@context\":\"https:\\\/\\\/schema.org\",\"@graph\":[{\"@type\":\"WebPage\",\"@id\":\"https:\\\/\\\/mychoccy.com\\\/en\\\/product\\\/korte-karamell-bonbon\\\/\",\"url\":\"https:\\\/\\\/mychoccy.com\\\/en\\\/product\\\/korte-karamell-bonbon\\\/\",\"name\":\"K\u00f6rte - karamell bonbon - MyChoccy\",\"isPartOf\":{\"@id\":\"https:\\\/\\\/mychoccy.com\\\/en\\\/#website\"},\"primaryImageOfPage\":{\"@id\":\"https:\\\/\\\/mychoccy.com\\\/en\\\/product\\\/korte-karamell-bonbon\\\/#primaryimage\"},\"image\":{\"@id\":\"https:\\\/\\\/mychoccy.com\\\/en\\\/product\\\/korte-karamell-bonbon\\\/#primaryimage\"},\"thumbnailUrl\":\"https:\\\/\\\/mychoccy.com\\\/wp-content\\\/uploads\\\/2023\\\/09\\\/korte-karamell.jpg\",\"datePublished\":\"2020-04-11T15:04:15+00:00\",\"dateModified\":\"2026-01-08T06:36:17+00:00\",\"description\":\"Ki ne szeretn\u00e9 a szaftos, \u00e9des vilmosk\u00f6rt\u00e9t? \u00c9s a l\u00e1gy karamellt? Mi most ezt a k\u00e9t alkot\u00f3elemet kevert\u00fck bele a bonbon t\u00f6ltel\u00e9k\u00e9be. Azonban \u00f3vatosan, van\",\"breadcrumb\":{\"@id\":\"https:\\\/\\\/mychoccy.com\\\/en\\\/product\\\/korte-karamell-bonbon\\\/#breadcrumb\"},\"inLanguage\":\"en-US\",\"potentialAction\":[{\"@type\":\"ReadAction\",\"target\":[\"https:\\\/\\\/mychoccy.com\\\/en\\\/product\\\/korte-karamell-bonbon\\\/\"]}]},{\"@type\":\"ImageObject\",\"inLanguage\":\"en-US\",\"@id\":\"https:\\\/\\\/mychoccy.com\\\/en\\\/product\\\/korte-karamell-bonbon\\\/#primaryimage\",\"url\":\"https:\\\/\\\/mychoccy.com\\\/wp-content\\\/uploads\\\/2023\\\/09\\\/korte-karamell.jpg\",\"contentUrl\":\"https:\\\/\\\/mychoccy.com\\\/wp-content\\\/uploads\\\/2023\\\/09\\\/korte-karamell.jpg\",\"width\":1200,\"height\":800},{\"@type\":\"BreadcrumbList\",\"@id\":\"https:\\\/\\\/mychoccy.com\\\/en\\\/product\\\/korte-karamell-bonbon\\\/#breadcrumb\",\"itemListElement\":[{\"@type\":\"ListItem\",\"position\":1,\"name\":\"Home\",\"item\":\"https:\\\/\\\/mychoccy.com\\\/en\\\/\"},{\"@type\":\"ListItem\",\"position\":2,\"name\":\"Shop\",\"item\":\"https:\\\/\\\/mychoccy.com\\\/en\\\/shop-2\\\/\"},{\"@type\":\"ListItem\",\"position\":3,\"name\":\"K\u00f6rte &#8211; karamell bonbon\"}]},{\"@type\":\"WebSite\",\"@id\":\"https:\\\/\\\/mychoccy.com\\\/en\\\/#website\",\"url\":\"https:\\\/\\\/mychoccy.com\\\/en\\\/\",\"name\":\"MyChoccy\",\"description\":\"Csokol\u00e1d\u00e9 kreat\u00edvan\",\"potentialAction\":[{\"@type\":\"SearchAction\",\"target\":{\"@type\":\"EntryPoint\",\"urlTemplate\":\"https:\\\/\\\/mychoccy.com\\\/en\\\/?s={search_term_string}\"},\"query-input\":{\"@type\":\"PropertyValueSpecification\",\"valueRequired\":true,\"valueName\":\"search_term_string\"}}],\"inLanguage\":\"en-US\"}]}<\/script>\n<!-- \/ Yoast SEO plugin. -->","yoast_head_json":{"title":"K\u00f6rte - karamell bonbon - MyChoccy","description":"Ki ne szeretn\u00e9 a szaftos, \u00e9des vilmosk\u00f6rt\u00e9t? \u00c9s a l\u00e1gy karamellt? Mi most ezt a k\u00e9t alkot\u00f3elemet kevert\u00fck bele a bonbon t\u00f6ltel\u00e9k\u00e9be. Azonban \u00f3vatosan, van","robots":{"index":"index","follow":"follow","max-snippet":"max-snippet:-1","max-image-preview":"max-image-preview:large","max-video-preview":"max-video-preview:-1"},"canonical":"https:\/\/mychoccy.com\/en\/product\/korte-karamell-bonbon\/","og_locale":"en_US","og_type":"article","og_title":"K\u00f6rte - karamell bonbon - MyChoccy","og_description":"Ki ne szeretn\u00e9 a szaftos, \u00e9des vilmosk\u00f6rt\u00e9t? \u00c9s a l\u00e1gy karamellt? Mi most ezt a k\u00e9t alkot\u00f3elemet kevert\u00fck bele a bonbon t\u00f6ltel\u00e9k\u00e9be. Azonban \u00f3vatosan, van","og_url":"https:\/\/mychoccy.com\/en\/product\/korte-karamell-bonbon\/","og_site_name":"MyChoccy","article_modified_time":"2026-01-08T06:36:17+00:00","og_image":[{"width":1200,"height":800,"url":"https:\/\/mychoccy.com\/wp-content\/uploads\/2023\/09\/korte-karamell.jpg","type":"image\/jpeg"}],"twitter_card":"summary_large_image","twitter_misc":{"Est. reading time":"1 minute"},"schema":{"@context":"https:\/\/schema.org","@graph":[{"@type":"WebPage","@id":"https:\/\/mychoccy.com\/en\/product\/korte-karamell-bonbon\/","url":"https:\/\/mychoccy.com\/en\/product\/korte-karamell-bonbon\/","name":"K\u00f6rte - karamell bonbon - MyChoccy","isPartOf":{"@id":"https:\/\/mychoccy.com\/en\/#website"},"primaryImageOfPage":{"@id":"https:\/\/mychoccy.com\/en\/product\/korte-karamell-bonbon\/#primaryimage"},"image":{"@id":"https:\/\/mychoccy.com\/en\/product\/korte-karamell-bonbon\/#primaryimage"},"thumbnailUrl":"https:\/\/mychoccy.com\/wp-content\/uploads\/2023\/09\/korte-karamell.jpg","datePublished":"2020-04-11T15:04:15+00:00","dateModified":"2026-01-08T06:36:17+00:00","description":"Ki ne szeretn\u00e9 a szaftos, \u00e9des vilmosk\u00f6rt\u00e9t? \u00c9s a l\u00e1gy karamellt? Mi most ezt a k\u00e9t alkot\u00f3elemet kevert\u00fck bele a bonbon t\u00f6ltel\u00e9k\u00e9be. Azonban \u00f3vatosan, van","breadcrumb":{"@id":"https:\/\/mychoccy.com\/en\/product\/korte-karamell-bonbon\/#breadcrumb"},"inLanguage":"en-US","potentialAction":[{"@type":"ReadAction","target":["https:\/\/mychoccy.com\/en\/product\/korte-karamell-bonbon\/"]}]},{"@type":"ImageObject","inLanguage":"en-US","@id":"https:\/\/mychoccy.com\/en\/product\/korte-karamell-bonbon\/#primaryimage","url":"https:\/\/mychoccy.com\/wp-content\/uploads\/2023\/09\/korte-karamell.jpg","contentUrl":"https:\/\/mychoccy.com\/wp-content\/uploads\/2023\/09\/korte-karamell.jpg","width":1200,"height":800},{"@type":"BreadcrumbList","@id":"https:\/\/mychoccy.com\/en\/product\/korte-karamell-bonbon\/#breadcrumb","itemListElement":[{"@type":"ListItem","position":1,"name":"Home","item":"https:\/\/mychoccy.com\/en\/"},{"@type":"ListItem","position":2,"name":"Shop","item":"https:\/\/mychoccy.com\/en\/shop-2\/"},{"@type":"ListItem","position":3,"name":"K\u00f6rte &#8211; karamell bonbon"}]},{"@type":"WebSite","@id":"https:\/\/mychoccy.com\/en\/#website","url":"https:\/\/mychoccy.com\/en\/","name":"MyChoccy","description":"Csokol\u00e1d\u00e9 kreat\u00edvan","potentialAction":[{"@type":"SearchAction","target":{"@type":"EntryPoint","urlTemplate":"https:\/\/mychoccy.com\/en\/?s={search_term_string}"},"query-input":{"@type":"PropertyValueSpecification","valueRequired":true,"valueName":"search_term_string"}}],"inLanguage":"en-US"}]}},"jetpack_sharing_enabled":true,"_links":{"self":[{"href":"https:\/\/mychoccy.com\/en\/wp-json\/wp\/v2\/product\/13211","targetHints":{"allow":["GET"]}}],"collection":[{"href":"https:\/\/mychoccy.com\/en\/wp-json\/wp\/v2\/product"}],"about":[{"href":"https:\/\/mychoccy.com\/en\/wp-json\/wp\/v2\/types\/product"}],"wp:featuredmedia":[{"embeddable":true,"href":"https:\/\/mychoccy.com\/en\/wp-json\/wp\/v2\/media\/16894"}],"wp:attachment":[{"href":"https:\/\/mychoccy.com\/en\/wp-json\/wp\/v2\/media?parent=13211"}],"wp:term":[{"taxonomy":"product_brand","embeddable":true,"href":"https:\/\/mychoccy.com\/en\/wp-json\/wp\/v2\/product_brand?post=13211"},{"taxonomy":"product_cat","embeddable":true,"href":"https:\/\/mychoccy.com\/en\/wp-json\/wp\/v2\/product_cat?post=13211"},{"taxonomy":"product_tag","embeddable":true,"href":"https:\/\/mychoccy.com\/en\/wp-json\/wp\/v2\/product_tag?post=13211"}],"curies":[{"name":"wp","href":"https:\/\/api.w.org\/{rel}","templated":true}]}}

Körte &#8211; karamell bonbon

<p>Ki ne szeretné a szaftos, édes vilmoskörtét? És a lágy karamellt? Mi most ezt a két alkotóelemet kevertük bele a bonbon töltelékébe.</p>
<p>Azonban óvatosan, van benne egy leheletnyi alkohol is.</p>
<p>Nettó tömeg: 11 g</p>
<p>Összetevők: étcsokoládé, fehér csokoládé, tejszín, körte püré, karamell</p>
<p>Allergének: szójalecitin, tejpor, tejszín</p>

<p>Ki ne szeretné a szaftos, édes vilmoskörtét? És a lágy karamellt? Mi most ezt a két alkotóelemet kevertük bele a bonbon töltelékébe. Azonban óvatosan, van benne egy leheletnyi alkohol is. Nettó tömeg: 11 g Összetevők: étcsokoládé, fehér csokoládé, tejszín, körte [&hellip;]</p>

<!-- This site is optimized with the Yoast SEO plugin v27.5 - https://yoast.com/product/yoast-seo-wordpress/ -->
<title>Körte - karamell bonbon - MyChoccy</title>
<meta name="description" content="Ki ne szeretné a szaftos, édes vilmoskörtét? És a lágy karamellt? Mi most ezt a két alkotóelemet kevertük bele a bonbon töltelékébe. Azonban óvatosan, van" />
<meta name="robots" content="index, follow, max-snippet:-1, max-image-preview:large, max-video-preview:-1" />
<link rel="canonical" href="https://mychoccy.com/en/product/korte-karamell-bonbon/" />
<meta property="og:locale" content="en_US" />
<meta property="og:type" content="article" />
<meta property="og:title" content="Körte - karamell bonbon - MyChoccy" />
<meta property="og:description" content="Ki ne szeretné a szaftos, édes vilmoskörtét? És a lágy karamellt? Mi most ezt a két alkotóelemet kevertük bele a bonbon töltelékébe. Azonban óvatosan, van" />
<meta property="og:url" content="https://mychoccy.com/en/product/korte-karamell-bonbon/" />
<meta property="og:site_name" content="MyChoccy" />
<meta property="article:modified_time" content="2026-01-08T06:36:17+00:00" />
<meta property="og:image" content="https://mychoccy.com/wp-content/uploads/2023/09/korte-karamell.jpg" />
	<meta property="og:image:width" content="1200" />
	<meta property="og:image:height" content="800" />
	<meta property="og:image:type" content="image/jpeg" />
<meta name="twitter:card" content="summary_large_image" />
<meta name="twitter:label1" content="Est. reading time" />
	<meta name="twitter:data1" content="1 minute" />
<script type="application/ld+json" class="yoast-schema-graph">{"@context":"https:\/\/schema.org","@graph":[{"@type":"WebPage","@id":"https:\/\/mychoccy.com\/en\/product\/korte-karamell-bonbon\/","url":"https:\/\/mychoccy.com\/en\/product\/korte-karamell-bonbon\/","name":"Körte - karamell bonbon - MyChoccy","isPartOf":{"@id":"https:\/\/mychoccy.com\/en\/#website"},"primaryImageOfPage":{"@id":"https:\/\/mychoccy.com\/en\/product\/korte-karamell-bonbon\/#primaryimage"},"image":{"@id":"https:\/\/mychoccy.com\/en\/product\/korte-karamell-bonbon\/#primaryimage"},"thumbnailUrl":"https:\/\/mychoccy.com\/wp-content\/uploads\/2023\/09\/korte-karamell.jpg","datePublished":"2020-04-11T15:04:15+00:00","dateModified":"2026-01-08T06:36:17+00:00","description":"Ki ne szeretné a szaftos, édes vilmoskörtét? És a lágy karamellt? Mi most ezt a két alkotóelemet kevertük bele a bonbon töltelékébe. Azonban óvatosan, van","breadcrumb":{"@id":"https:\/\/mychoccy.com\/en\/product\/korte-karamell-bonbon\/#breadcrumb"},"inLanguage":"en-US","potentialAction":[{"@type":"ReadAction","target":["https:\/\/mychoccy.com\/en\/product\/korte-karamell-bonbon\/"]}]},{"@type":"ImageObject","inLanguage":"en-US","@id":"https:\/\/mychoccy.com\/en\/product\/korte-karamell-bonbon\/#primaryimage","url":"https:\/\/mychoccy.com\/wp-content\/uploads\/2023\/09\/korte-karamell.jpg","contentUrl":"https:\/\/mychoccy.com\/wp-content\/uploads\/2023\/09\/korte-karamell.jpg","width":1200,"height":800},{"@type":"BreadcrumbList","@id":"https:\/\/mychoccy.com\/en\/product\/korte-karamell-bonbon\/#breadcrumb","itemListElement":[{"@type":"ListItem","position":1,"name":"Home","item":"https:\/\/mychoccy.com\/en\/"},{"@type":"ListItem","position":2,"name":"Shop","item":"https:\/\/mychoccy.com\/en\/shop-2\/"},{"@type":"ListItem","position":3,"name":"Körte &#8211; karamell bonbon"}]},{"@type":"WebSite","@id":"https:\/\/mychoccy.com\/en\/#website","url":"https:\/\/mychoccy.com\/en\/","name":"MyChoccy","description":"Csokoládé kreatívan","potentialAction":[{"@type":"SearchAction","target":{"@type":"EntryPoint","urlTemplate":"https:\/\/mychoccy.com\/en\/?s={search_term_string}"},"query-input":{"@type":"PropertyValueSpecification","valueRequired":true,"valueName":"search_term_string"}}],"inLanguage":"en-US"}]}</script>
<!-- / Yoast SEO plugin. -->

Körte - karamell bonbon - MyChoccy

Ki ne szeretné a szaftos, édes vilmoskörtét? És a lágy karamellt? Mi most ezt a két alkotóelemet kevertük bele a bonbon töltelékébe. Azonban óvatosan, van

Csokoládé kreatívan
